62
Convert 6262 (base 16) to base 6.
312334
Convert -530820 (base 9) to base 10.
-315594
Convert 10021112120202 (base 3) to base 5.
421231420
What is 302200423 (base 6) in base 7?
61520241
Convert -21004013 (base 5) to base 12.
-83913
Convert 1110000110101100010010 (base 2) to base 5.
1421304201
Convert -13342414 (base 5) to base 11.
-94119
What is 614447 (base 9) in base 2?
1011000111001101010
14420421 (base 5) to base 9
254821
-b7067b (base 13) to base 16
-416352
What is -2554212 (base 7) in base 2?
-1010001010000010001
What is -17067 (base 11) in base 7?
-130030
Convert 1154530323 (base 6) to base 12.
45969a3
Convert 11312130312 (base 4) to base 11.
958369
Convert 44203105 (base 6) to base 3.
2111012021112
-1757482 (base 9) to base 8
-3600062
-5a543 (base 13) to base 12
-7ba63
What is -2bcb91b (base 13) in base 16?
-d73ead
-a78a6 (base 14) to base 11
-257387
3078 (base 13) to base 8
15042
Convert 4150655 (base 9) to base 16.
21d8aa
What is 244a64 (base 11) in base 7?
3202032
What is -1340211 (base 7) in base 4?
-223121310
Convert 1220210202210 (base 3) to base 5.
230112303
-49ba9 (base 13) to base 16
-2134f
Convert -1ca072 (base 16) to base 7.
-21642425
What is 110111332 (base 5) in base 12?
1a9691
Convert -6790167 (base 11) to base 12.
-3b9403a
2403305 (base 6) to base 3
20100201012
What is 12557 (base 14) in base 7?
245040
What is 1357b4 (base 16) in base 2?
100110101011110110100
59585 (base 11) to base 10
85882
Convert -5453026 (base 10) to base 4.
-110303103202
What is 24730262 (base 8) in base 9?
11278555
Convert -113223303 (base 4) to base 3.
-11221002000
Convert -1172341 (base 10) to base 16.
-11e375
Convert 20852 (base 10) to base 13.
9650
What is 135505053 (base 6) in base 16?
2a9cf9
Convert 5478a (base 16) to base 15.
6c7b4
Convert -1019a03 (base 11) to base 16.
-1b74e2
What is 1034a (base 14) in base 4?
21202132
What is -6409 (base 15) in base 11?
-14996
Convert -f5ef (base 16) to base 3.
-10012100211
100101100010100010011 (base 2) to base 11
770212
-7368305 (base 9) to base 4
-33002210120
Convert 3025205 (base 6) to base 2.
100011000101100101
-233442144 (base 5) to base 9
-2022414
What is 426135 (base 7) in base 16?
121b3
Convert -217882 (base 13) to base 5.
-200203414
Convert -2042bc (base 14) to base 16.
-1096ce
-25414433 (base 6) to base 15
-114da6
What is 4436114 (base 7) in base 5?
120002040
Convert -16ac5 (base 16) to base 2.
-10110101011000101
Convert -1111233233 (base 4) to base 7.
-2661644
10856 (base 15) to base 2
1100110100011010
-6067317 (base 8) to base 3
-10000100110212
Convert 10200042 (base 5) to base 4.
110212231
-17fe06 (base 16) to base 8
-5777006
What is 3111441 (base 8) in base 2?
11001001001100100001
Convert 5532151 (base 7) to base 16.
a613e
Convert 411055 (base 8) to base 6.
2524205
11120112001200 (base 3) to base 4
21101210130
-321022130 (base 4) to base 10
-234140
Convert -14a11 (base 12) to base 10.
-29101
What is 1122022211021 (base 3) in base 15?
1237aa
-34922b3 (base 12) to base 5
-10044100113
What is 131396 (base 15) in base 12?
381929
What is 3575246 (base 8) in base 16?
efaa6
28529 (base 13) to base 12
378a2
What is 100355205 (base 7) in base 6?
324534153
What is 11323002 (base 5) in base 10?
104752
89647 (base 13) to base 15
4dd24
Convert 558851 (base 9) to base 2.
1010001101011110000
What is -20cb4 (base 13) in base 7?
-334610
-55651031 (base 8) to base 14
-184a465
What is 10302210 (base 4) in base 13?
8c13
What is 31252132 (base 6) in base 4?
3131322320
-31509 (base 10) to base 4
-13230111
What is 120210022212 (base 3) in base 12?
12ba35
Convert -31c64 (base 13) to base 4.
-111332012
-20103410 (base 6) to base 7
-4555164
What is -153363 (base 12) in base 8?
-1273473
What is 12143515 (base 6) in base 7?
3201263
-66631554 (base 7) to base 16
-57d3b0
Convert 753c5 (base 16) to base 9.
811632
-21602176 (base 8) to base 11
-2699857
-12212442 (base 5) to base 9
-186870
10001011010000001001 (base 2) to base 3
1001222102002
Convert -11000100100110101 (base 2) to base 12.
-4a305
Convert -27bda3 (base 14) to base 15.
-1c31e0
Convert 2010202001100 (base 3) to base 8.
4253643
What is -3d5a69 (base 14) in base 8?
-10075415
Convert 7746567 (base 8) to base 15.
2b282a
-1176cc (base 16) to base 2
-100010111011011001100
Convert 110001011001011110000 (base 2) to base 13.
4489c3
Convert -201001102100 (base 3) to base 11.
-236830
What is -d5028 (base 15) in base 12?
-286792
Convert -5ab58 (base 15) to base 7.
-2313554
-1010001001010001000 (base 2) to base 8
-1211210
-312687 (base 10) to base 9
-525830
What is 20542524 (base 6) in base 14?
11a472
Convert -357782 (base 10) to base 12.
-153072
Convert 131233104 (base 5) to base 3.
1012222110202
Convert -27286 (base 9) to base 12.
-a829
What is 6100232 (base 8) in base 16?
18809a
1133023230 (base 4) to base 3
201210210120
What is -103212133201 (base 4) in base 5?
-2303412101
-1543562 (base 9) to base 6
-30201002
What is -acbc6 (base 14) in base 3?
-210022100000
What is 7777375 (base 9) in base 8?
17755303
-160382 (base 14) to base 5
-144102042
3371677 (base 8) to base 11
574a83
What is 951cb1 (base 16) in base 12?
3333269
-1176212 (base 9) to base 16
-9c7c4
What is -1302413 (base 7) in base 9?
-276685
Convert c066 (base 13) to base 12.
13380
Convert -107061 (base 12) to base 14.
-6b18d
5c554 (base 14) to base 6
4502330
Convert 5b15d (base 14) to base 5.
24110133
What is -94000 (base 11) in base 8?
-413605
-72a37 (base 16) to base 6
-14021515
-4b398d (base 14) to base 16
-276db9
What is -141402 (base 5) in base 14?
-21c0
7e359 (base 15) to base 9
672863
What is -1212120233 (base 4) in base 14?
-acb95
What is -1313314043 (base 5) in base 14?
-60c347
Convert 32013053 (base 7) to base 3.
12002122120222
Convert 3b2988 (base 12) to base 10.
979448
Convert -1230420 (base 5) to base 6.
-302244
Convert 2233331211 (base 4) to base 16.
aff65
What is -14e9d2 (base 15) in base 13?
-29543c
-5077270 (base 8) to base 7
-14262630
What is 23c2d1 (base 14) in base 9?
2265503
What is -2251110 (base 6) in base 5?
-12144402
Convert -21901 (base 16) to base 7.
-1111540
-31012203331 (base 4) to base 10
-3434749
What is 24706 (base 16) in base 14?
3c570
What is -16656 (base 7) in base 14?
-1a66
-20032011 (base 4) to base 6
-415513
Convert 1231304 (base 5) to base 15.
716e
What is -28abd2 (base 14) in base 2?
-101011000111010010100
What is 1015434 (base 6) in base 5?
3033243
What is -156ba7 (base 13) in base 10?
-529276
What is -90a15 (base 12) in base 5?
-22004311
-c70c (base 15) to base 9
-63653
Convert 42002430 (base 5) to base 16.
54033
-1550350 (base 7) to base 4
-310031233
What is -3b7648 (base 13) in base 16?
-160a97
Convert 4114144 (base 5) to base 14.
1a4b5
-2320a66 (base 12) to base 14
-c80130
What is -39984 (base 15) in base 2?
-101101000001001111
-2427f3 (base 16) to base 3
-11110101101010
What is 5229868 (base 10) in base 9?
10751024
Convert -74a88 (base 14) to base 13.
-9b45b
What is -11110100011100000001100 (base 2) in base 10?
-8009740
What is 1811566 (base 10) in base 4?
12322101232
35772a (base 15) to base 5
1123301430
Convert 222736 (base 8) to base 15.
17455
Convert 2043001233 (base 5) to base 8.
20213532
839ac (base 15) to base 13
117c3c
What is -1632210 (base 7) in base 14?
-5c777
Convert -134141402 (base 6) to base 5.
-1144004440
What is -8523711 (base 9) in base 8?
-21317343
What is 5c6406 (base 13) in base 8?
10342305
3d44 (base 15) to base 4
3030322
What is -24478 (base 9) in base 2?
-100000000110001
What is -536453 (base 10) in base 13?
-15a238
Convert -6b245 (base 13) to base 10.
-195928
-140359 (base 10) to base 3
-21010112111
-45504241 (base 6) to base 2
-101010100000011100001
What is 1c2251a (base 13) in base 10?
9344709
-10000211 (base 4) to base 11
-11379
567454 (base 8) to base 12
93350
-301a3 (base 12) to base 11
-42a36
What is 54534 (base 12) in base 10?
111352
Convert -201201032 (base 4) to base 2.
-100001100001001110
241443533 (base 6) to base 2
10001011001111101010001
2120110210 (base 3) to base 9
76423
What is -111020201202 (base 3) in base 11?
-168a29
Convert -121040422 (base 7) to base 13.
-173c872
Convert -ec26b (base 16) to base 4.
-3230021223
Convert -310030020 (base 4) to base 5.
-23320033
What is 30003232 (base 4) in base 14?
13ddc
Convert 4